ns digit of j?
8
Let v = 6298 - -9911. What is the hundreds digit of v?
2
Let f(g) = 2*g**3 + 79*g**2 + 6*g - 298. What is the thousands digit of f(-30)?
6
Let p(h) = 2*h**2 - 5*h + 4. Let g be p(2). Suppose -528 + 114 = -g*i - 2*x, i = -4*x + 207. What is the units digit of i?
7
Let z = -1953 - -7898. What is the tens digit of z?
4
Suppose -5*k = 3305 - 17660. What is the units digit of (1*4/6)/(58/k)?
3
Let t = -134 - -156. Suppose t*q - 3744 = -444. What is the hundreds digit of q?
1
Let g(j) be the third derivative of -61*j**4/24 - 3*j**3 - 211*j**2. What is the units digit of g(-5)?
7
Let d(i) = 10*i + 9. Let m be d(-1). What is the tens digit of 7/((-21)/6) - 877*m?
7
Let h(g) = 0*g - 4*g**3 - 1 + 0*g + g**2. Let i be h(-1). Suppose 5*z + 2*w - 204 = 0, i*w - 3*w = 3*z - 118. What is the units digit of z?
0
Let f(q) be the second derivative of q**4/12 - 2*q**3 + 11*q**2/2 + 7*q. Let w be f(12). What is the tens digit of (-165)/(-2) + w/(-22)?
8
Let l(i) = 581 + 9*i + 0*i**3 + i**3 + 161 - i**2 + 130. What is the tens digit of l(0)?
7
Let w = -6285 - -20358. What is the thousands digit of w?
4
Let h be (9/12)/((-95)/40 - -2). What is the hundreds digit of 8670/14 - -3*h/21?
6
Let m(z) = -z**3 - 9*z**2 - 16*z - 9. Let w(a) = -a**3 + 12*a**2 + 12*a + 13. Let u be w(13). Let j be 7*1*(-1 + u). What is the units digit of m(j)?
5
Let q(b) = -4*b - 20. Let t be q(-6). Suppose 4*y - 2812 = 4*x, t*y - 3*x - 2*x = 2809. What is the hundreds digit of y?
7
What is the tens digit of (672/(-288))/(7/28*4/(-6033))?
7
Let i be 1615 - 14*1/2. Let t = i + -845. What is the hundreds digit of t?
7
Let m = -918 - -7173. What is the tens digit of m?
5
Let k be 0 - (-2 - (0 + 2)). Suppose 5 = k*g + g, -5*y + 162 = -3*g. Suppose 3*n = 2*q + 4*n - 111, -5*n + y = q. What is the units digit of q?
8
Suppose 2*m = 2, -2*m + 4*m = -2*p + 8. Suppose -827 = -p*u - 4*b, -2*b + 371 = u + 94. What is the tens digit of u?
7
What is the tens digit of 2/(-18) + (-26779008)/(-1728)?
9
Let h(i) = -5846*i + 1. What is the tens digit of h(-3)?
3
Let d(b) = -14*b**2 - 6*b + 10. Let u be d(2). Let q = 115 - u. Suppose 25 + q = 3*k. What is the tens digit of k?
6
Let o(b) = 9*b - 42. Let r be o(5). Let q be (-3)/r - (16 + 1). What is the units digit of q*(-7)/(21/5)?
0
Suppose 33 = -36*z + 33. Suppose z = 380*w - 372*w - 10344. What is the units digit of w?
3
Suppose -6*b + 1522 + 1556 = 0. Let w(t) = -t**2 - 25*t - 39. Let r be w(-23). Suppose -26*z = -r*z - b. What is the units digit of z?
7
Suppose 7*n + 377 = -141. Let o = n + 81. Suppose -o*c - c = -48. What is the units digit of c?
6
Let q be 93/13 - (-22)/(-143). Suppose 14 - 35 = q*l. What is the tens digit of 110/3 + (-1)/l?
3
Suppose 68345 = 24*j + 2057. Suppose -397 = 5*s - j. What is the hundreds digit of s?
4
Let n(m) = -m**3 - 4*m**2 + 16*m + 24. Let b be n(-6). Suppose b = d - 3*v - 981, 4*d + 4*v - 3984 = v. What is the units digit of d?
3
What is the hundreds digit of (-2635)/(102/6)*-103?
9
Let i be ((-11)/(-4))/((18/8)/9). Suppose 0 = -i*j - 7*j + 8280. What is the hundreds digit of j?
4
Let n be (4 + -9 - 6)*-1. Suppose -c + 1760 = -n*c. What is the units digit of (-15344)/c + (-2)/(-22)*-2?
7
Suppose -3*b = -3*d - 18855 - 23847, 4*b + 4*d - 56992 = 0. What is the thousands digit of b?
4
Suppose 0 = 2*f + 9*h - 112958, 35*h - 32*h - 226036 = -4*f. What is the tens digit of f?
1
Let a be (-55406)/(-19) + (-8)/(-304)*-4. Let n = -2049 + a. What is the units digit of n?
7
Let n = 16952 + -7873. What is the units digit of n?
9
Suppose -15*z + 20*z - 10 = 0. Suppose -z*t + t + 1516 = 5*b, -6*b = 4*t - 6078. What is the hundreds digit of t?
5
Let t = 6340 - 3514. Let n = t - 1649. What is the thousands digit of n?
1
Suppose -12*w + 697530 = -33774. Suppose -29*x + w = 13*x. What is the thousands digit of x?
1
Suppose 12 = -5*p - 5*h - 3, -5 = 5*p + 3*h. Suppose 3*d + 348 = 3*b, d = -2*b + p*d + 231. Let g = b - 28. What is the tens digit of g?
8
Let k(o) = 3*o**2 + 116*o - 308. What is the units digit of k(-77)?
7
Let t(a) = 54*a + 22*a**2 - 56 + 37 - 3*a + 5 - a**3 - 86. What is the hundreds digit of t(23)?
5
What is the tens digit of 9/(-2)*(49148/(-33) + 18/(-3))?
2
Suppose 2*c = 7*s - 2*s - 1561, 4*s - 1256 = 4*c. Suppose 0 = -o + 3*f - 56 + s, 4*f + 1242 = 5*o. What is the units digit of o?
6
Let n(z) = 10*z**3 - z**2 + 37*z + 31. Let k be n(15). Suppose 0 = 23*p - k - 4230. What is the units digit of p?
7
Let y = 246 - 370. Let s = y + 371. What is the units digit of s?
7
Let x = 942 - 545. Suppose -2*r + 452 = -3*o, -2*r + x = 2*o - 45. What is the units digit of r?
3
Suppose 0 = 4*k - 89 + 21. Let g(m) = m**3 - 13*m**2 - 28*m - 13. What is the tens digit of g(k)?
6
What is the thousands digit of (-2 - (-1667)/(-2))/((-188)/7144)?
1
Suppose -20*o = -5*o - 75. Let v = 4 + o. Let j(g) = g**3 - 7*g**2 - 2*g + 2. What is the units digit of j(v)?
6
Suppose -14*a + 6*a + 392 = 0. Let x = a - 44. Suppose 94 + 6 = x*c. What is the units digit of c?
0
Let r = 1667 + -3990. What is the hundreds digit of (-4)/(-10) - r/5?
4
Let p(i) = -62*i + 3. Let h be p(-2). Let f = 63 - h. Let x = f + 94. What is the tens digit of x?
3
Let i = -1721 + 426. Let o = -833 - i. What is the tens digit of o?
6
Let z be (-4 - -6) + 5 + -75. Suppose 3*k = 2*k + 103. Let h = z + k. What is the tens digit of h?
3
Let g = -59824 + 100743. What is the ten thousands digit of g?
4
Let u(z) be the first derivative of -5*z**4/4 - z**3/3 - 3*z**2 - 4*z + 21. Let k be u(-2). Let l = 176 + k. What is the units digit of l?
0
Suppose 0 = -122*p + 117*p + 10. Let m(r) = 28*r**3 + 3*r**2 - 2*r + 1. Let f be m(p). Suppose -f = 3*u - 554. What is the hundreds digit of u?
1
Let g = -6609 + 13917. What is the hundreds digit of g?
3
Let a(n) = -n**3 + 11*n**2 - 14*n + 9. Let t be a(9). Let w = -45 + t. Suppose 3*c + p - 176 = 0, w*c - 132 = -2*c + 3*p. What is the tens digit of c?
6
Suppose -194*k - 823137 + 3242899 = 0. What is the tens digit of k?
7
Suppose -2*q = 3*o - 35327, 4*q - 70639 = -308*o + 307*o. What is the thousands digit of q?
7
Suppose -7*j - 3*n + 89651 = 0, n = 4*j - 18603 - 32618. What is the ten thousands digit of j?
1
Suppose 362*l - 42492 = 359*l. What is the units digit of l?
4
Let b = 7073 + -2377. Suppose -17*l + b = -5878. What is the tens digit of l?
2
Suppose -10*o + 3*o = -217. Let t(u) = 0*u - 10*u**2 + o*u**2 - u - 3 + 4. What is the tens digit of t(1)?
2
What is the units digit of ((-2649)/15)/(62/(-930))?
9
Let y be 5 - (-138)/(-30) - 28/(-5). Suppose 30 = 8*j + y. Suppose a = -0*a - 5*n + 58, 2*a = j*n + 129. What is the units digit of a?
3
Suppose 42*n - 129307 = 139493. What is the units digit of n?
0
Let h = 1690 - -3597. What is the thousands digit of h?
5
Suppose 4*d - 4*m = 2*d, d - 30 = -4*m. Let v(k) = k - 5. Let j be v(d). Suppose -2*l - 378 = -j*l - 2*r, 4*r + 268 = 2*l. What is the units digit of l?
8
Let f(x) = -90*x**2 + 6*x - 24. Let z(y) = -18*y**2 + y - 5. Let b = 16 - 37. Let i(v) = b*z(v) + 4*f(v). What is the units digit of i(3)?
0
Suppose 0 = -4*t + 5*t - 2*w, -3*w = -4*t + 5. Suppose -4*m + 2775 = t*d - 1823, 4*d = m - 1136. What is the tens digit of m?
4
Suppose -5*r - 762 - 4540 = 3*n, r + 1038 = 5*n. Let t = -667 - r. What is the hundreds digit of t?
3
Let l = -5 - -9. Suppose -l = -c - 0. Suppose -5*u + c*u = -2*y + 1, -5*u - 3*y = -60. What is the units digit of u?
9
Let d(s) = -9676*s - 75. What is the hundreds digit of d(-1)?
6
Suppose 1 = -3*g + 2*q - 17, -2*q + 34 = -5*g. What is the tens digit of g/(-12) - 4628/(-6)?
7
Let t = 975 + -731. Let c(l) = 3*l - 1. Let r be c(2). Suppose 769 = r*n + t. What is the units digit of n?
5
Suppose 3*m + 29 - 32 = 0, -2*v + 5*m = -79627. What is the units digit of v?
6
Let s = -8228 - -13177. What is the hundreds digit of s?
9
Let h = -93 - -117. Suppose -h*p = -26*p. Suppose -11*g + 14*g - 264 = p. What is the tens digit of g?
8
Suppose 36 = 5*p + 31. Let g(l) = -4*l + 4. Let z be g(p). Let i(u) = u**3 + u**2 - 2*u + 78. What is the tens digit of i(z)?
7
Suppose -4*o = -3*o + 9. What is the hundreds digit of -1 + 0 + o/(-27)*303?
1
Let w(k) = k**2 - k + 2. Let u be w(0). Suppose -3*b - 3*g + 9 = 0, 0 = -u*g - 3*g + 15. What is the units digit of 5 + b + 1